2 - 2*n. Give y(9).
-2
Let i(l) be the first derivative of -l**3/3 - 17*l**2/2 - 11*l + 121. Determine i(-14).
31
Let d(x) = -10*x - 10 - 2 - 2*x + 21. Let i(w) = 19*w - 14. Let c(y) = 8*d(y) + 5*i(y). Calculate c(4).
-2
Let u(n) = 2*n**3 + 4*n**2 - 6*n + 5. Let y(g) = g**2 - g + 1. Let l(m) = -u(m) + 3*y(m). Determine l(1).
-2
Let v(t) = 10 + t**2 + 0 - 5*t - 13 + 6 + 6. Give v(6).
15
Let y(o) be the first derivative of -12 + 1/2*o**4 - 1/3*o**3 + 3*o - 3/2*o**2. Suppose 0 = -q - 2*t + t + 5, 0 = 3*t - 9. What is y(q)?
9
Let c(a) = a**2 + a - 10. Suppose 16 = -5*p - y, 5*p + 0*y = 5*y - 40. Give c(p).
2
Suppose 0 - 21 = -3*t. Let a(u) = u**3 - t*u + 21*u**2 - 26*u**2 + 2*u. Let o(v) = -v**3 + 10*v**2 + 6. Let i be o(10). Give a(i).
6
Let i(p) = -9 + 7 + 3 + p - p**2 + 0. Let m be i(-2). Let q(d) = -d**3 - 6*d**2 - 6*d - 7. Give q(m).
-2
Let k(n) be the second derivative of -n**5/20 - n**4/4 + 2*n**3/3 - n**2 + 237*n. Give k(-4).
-2
Let q(j) = j**3 - 5*j**2 + 4*j - 3. Suppose -3*t + 4 = -5*t, 3*y = -5*t + 2. What is q(y)?
-3
Suppose 5*t = 2*f - 30, t + 5*f + 12 = -t. Let m(r) = 1 + 2*r**2 + 4 + 5*r - 1 - r**2. What is m(t)?
10
Let m(u) = 12*u**3 + 22*u**2 + 15*u - 41. Let k(d) = -6*d**3 - 10*d**2 - 7*d + 19. Let l(z) = -13*k(z) - 6*m(z). Calculate l(1).
4
Let p(s) = s**2 + s + 1. Let j(q) be the third derivative of q**5/60 - q**4/3 + 13*q**3/6 + 4*q**2. Let o be j(5). Determine p(o).
3
Let p(m) = -5*m**2 - m + 1. Let r(j) be the third derivative of j**6/120 - 11*j**5/60 + 13*j**4/24 - 14*j**3/3 + 29*j**2. Let u be r(10). Give p(u).
-21
Let b(i) = -1. Let j(u) = 5*u - 1. Let m(o) = -2*b(o) - j(o). Calculate m(-1).
8
Let k(p) = p**2 - 6*p + 4. Let z(x) = x - 1. Let j(t) = -k(t) - 4*z(t). Give j(-4).
-24
Let g(b) = b**2 + b + 1. Let u be 4/(-8) - (-3)/2. Let y(z) = -5*z**2 - 5*z - 13. Let h(d) = u*y(d) + 4*g(d). Let f be (-10)/(-35) - 4/14. Calculate h(f).
-9
Let w(k) = -2*k - 5. Let q = 3 - -1. Suppose -q*u - 87 = -23. Let g = u - -10. Calculate w(g).
7
Let w(t) = -t**3 + 3*t**2 + t + 21. Suppose -3*o = 4*u - 27, 13 + 2 = 5*u. Give w(o).
-24
Let g(y) = 61*y + 14. Let d(x) = -21*x - 5. Let v(i) = -17*d(i) - 6*g(i). Give v(-1).
10
Let c be (-1)/3*3*11. Let l = 5 + c. Let m(y) = y**2 + 6*y - 1. Determine m(l).
-1
Let l(w) = -2*w + 3. Let c = -4 + 4. Suppose c = -s - 9*z + 4*z - 7, 7 = s - 2*z. Suppose 0 = -s*y + 5*v + 21, 5*y = -2*v + 3*v + 13. Calculate l(y).
-1
Let z(f) = f**3 + 17*f**2 + 17*f + 22. Let a(g) = -13*g**2 + 5*g + 2. Let d be a(-1). Determine z(d).
6
Let n(r) = 11*r - 6. Let g(l) = 13*l - 6. Let z(x) = -2*g(x) + 3*n(x). Determine z(4).
22
Let g be ((-55)/(-25) - 5)*10/(-4). Let o(x) = -2*x + 17. What is o(g)?
3
Let t(p) = p**3 - 6*p**2 - 2. Suppose -5*x = c - 155, -2*x - 5*c - 125 = -7*x. Let i(k) = -k - 3. Let d be i(-3). Suppose g - 6*g + x = d. Determine t(g).
-2
Let d(u) = u**3 + 2*u**2 - u + 3. Let k be d(-3). Let m(y) = -1. Let a(r) = 4*r. Let c(z) = -a(z) + 4*m(z). What is c(k)?
8
Let y be 4/12 - 44/6. Let n(i) = -3*i - 16. Let u be n(y). Let l(f) = 5*f - 2 + 4*f**2 + f - u*f**2. Give l(5).
3
Let c(m) = -2*m**2 - 188*m**3 + 98*m**3 + 2 - 1 + 103*m**3. Determine c(1).
12
Let c(o) be the third derivative of -o**5/60 - 7*o**2. Let t be c(0). Let s(x) = -x**2 - x + 7. What is s(t)?
7
Let i(p) = -4*p + 9. Let k be i(6). Let q(g) = g + 9. Let c be q(k). Let x(h) = h**2 + 4*h - 2. Calculate x(c).
10
Suppose -2*s = -4*j + 22, -4*j = 8*s - 13*s - 43. Let h(p) = -8*p**2 - 8*p - 3*p**3 + 6*p**3 + 2 + 2*p - 4*p**3. What is h(s)?
-5
Let v(q) = -2*q**2 - 17*q - 30. Let u(t) = -3 - 4*t**2 - 3 - 9 - 8*t + 3*t**2. Let f(h) = -5*u(h) + 3*v(h). What is f(-10)?
-5
Let i(h) = h**3 + h**2 + 2*h + 1. Let t = 28 + -23. Suppose 0 = t*k - 3*s + 7, 3*k + 0*k = -3*s - 9. Give i(k).
-7
Let q = -40 - -46. Let h(x) = x**2 - 4*x - 6. Let c be h(q). Let f(z) = z**2 - 5*z. Determine f(c).
6
Suppose -2 = 5*z - 32. Let b be (-2)/(-3) + z/(-9). Let j(x) be the third derivative of -x**6/120 + x**5/60 + x**4/24 - 5*x**3/6 + 3*x**2. Determine j(b).
-5
Let y(w) = 12*w**3 - 26*w**2 + 12*w + 8. Let s(v) = -v**3 + 3*v**2 - v - 1. Let x(q) = -10*s(q) - y(q). Give x(-2).
6
Let v(p) = -3*p**2 - 3*p - 3. Let h = -564 + 562. Calculate v(h).
-9
Let h(m) = 12*m + 0 + m - 11*m + 0 + 8. Calculate h(-8).
-8
Let l(x) = 77 + x + 61 - 129. What is l(4)?
13
Let q(n) = -2*n - 3. Let k be (-42)/(-11) + 6/33. Let u be (k - 8/4) + 0. Suppose -a + 1 = -2*g + 3, 0 = -4*a + u*g - 14. Give q(a).
5
Let n(i) = -4*i + 110. Let c be n(26). Let q(g) = -g + 13. Calculate q(c).
7
Let k(a) = -a**2 - a - 6. Let j = 35 - 35. Let y be k(j). Let u(l) = -l**3 - 5*l**2 + 6*l. Calculate u(y).
0
Let l = 38 + -9. Let f(o) = o - o**2 + l - 22 - 5*o. Calculate f(-5).
2
Let j(u) = -u**2 - 2*u + 11. Let d = 24 - 21. Let x = d - 8. Let i be j(x). Let m(g) = -g**2 - 5*g - 2. Calculate m(i).
2
Let n(s) = 5*s**3 + 348*s - 2*s**2 + 342*s - 691*s + 1. Calculate n(-1).
-5
Let p(w) be the third derivative of w**7/504 - w**5/120 - 19*w**4/24 - w**3/6 + w**2 + 6*w. Let l(n) be the second derivative of p(n). Give l(1).
4
Let i(a) = -4 - a + a**2 + 2 + 3. Let z(q) = q**2 + q. Let g be z(-2). Suppose 0 = -2*o - g*o. Calculate i(o).
1
Let p(m) = -m**3 + 3*m**2 - 2. Let k(z) = 5*z. Let b be k(1). Let o be (-4)/(-6)*(b - (3 - 1)). Determine p(o).
2
Let b(f) = f**3 - 3*f**2 - 3*f - 3. Suppose 10*d - 30 = 10. Calculate b(d).
1
Let o(c) be the second derivative of c**3/3 + c**2/2 - 9*c - 2. Give o(-2).
-3
Let u(x) be the first derivative of -x**6/360 + x**5/120 + x**4/12 - 14*x**3/3 + 7. Let q(y) be the third derivative of u(y). Calculate q(3).
-4
Let f = 104 - 103. Let t(r) = 4*r + 0*r + f + 9*r**2 - r**3 - 10*r**2. What is t(-3)?
7
Let c(l) = -l**3 + 1 - 2*l**2 + 6*l**2 - 3*l**2. Let x(o) = -10*o - 4. Let i be x(-2). Suppose 0 = 8*q - 0*q - i. Calculate c(q).
-3
Let b(i) = i - 2. Let p be b(0). Let r be 0/7 + p + 5. Let h(v) = 4*v - 2 - 21*v + v**r - 5*v**2 + 11*v. What is h(6)?
-2
Let b(v) = -v**3 + 2*v**2 - v + 4. Let t = 163 - 160. Determine b(t).
-8
Let m(g) = 4*g - 1. Let p(n) = -2*n. Suppose -5*y = 5*z, -4*y - 7 = -z + 13. Let l be 24/(-12)*6/y. Let w(r) = l*p(r) + 2*m(r). Calculate w(4).
6
Suppose -67*q + 66*q - 9 = 0. Let a(v) = v**2 + 6*v - 13. Determine a(q).
14
Let q(c) = c + 5. Let n(v) = -v - 2. Let p(w) = -2*n(w) - q(w). Give p(4).
3
Let h(r) = -r + 3 + r**3 - 9*r**2 + 3*r**2 - r. Let d = -9 + 11. Let c(j) = j**2 + 3*j - 4. Let m be c(d). Determine h(m).
-9
Let r(j) = 6*j + 0*j**3 - 4*j**2 + 5*j**2 + 4*j**2 - 1 - j**3. Let y = 4 + -1. Let d be 12/(y - (-1 - -2)). What is r(d)?
-1
Let k(a) = 6*a**2 - 191*a**3 + 4*a - 192*a**3 + 384*a**3 + 6. Suppose y - 2 = 0, 5*y - 40 = 5*l - 5. Determine k(l).
11
Let n(r) = 41 + 43 - r - 89. Let x = -21 + 16. Determine n(x).
0
Let x(p) = -p**2 - 17*p - 3. Let q be x(-14). Let l(u) = 2 + 47*u - 11 - q*u - 3*u**2 + 2*u**2. Suppose t = -5*v + 26, -5*t + 3 - 53 = -5*v. What is l(v)?
3
Let s(w) = -w. Let t(d) = -9*d**3 + 6*d. Let b(y) = -5*s(y) - t(y). Suppose 2*g - 13 = -3. Let v = 4 - g. Determine b(v).
-8
Let u(d) be the first derivative of d**3/3 - 7*d**2/2 + 4*d - 1. Let k be u(5). Let o(z) = 1. Let y(r) = r + 2. Let h(q) = -3*o(q) - y(q). Determine h(k).
1
Let l be ((-21)/4)/((-3)/12) + -3. Let r be (l + -34)*(-1)/2. Let n(w) = 2*w - 12. What is n(r)?
4
Let g(c) = -2*c + 16. Let a(y) = 24*y - 12. Let j be a(1). Calculate g(j).
-8
Let b(g) = g**3 - 9*g**2 - 12*g. Let n(z) = -z**2 + 28*z - 86. Let p be n(24). Give b(p).
-20
Let b(v) = -v**3 + v**2 + 2*v - 1. Let y(t) = 12*t**2 - 59*t - 2. Let i be y(5). Calculate b(i).
-13
Let k(u) = -7 - 3*u + 2*u**3 - 5*u**2 + 4 - u**3. What is k(6)?
15
Let n(z) = 2*z**2 + 48*z - 46*z - 2 - 3*z**2 - z**2. What is n(2)?
-6
Let c(f) be the second derivative of -1/2*f**2 + 1/3*f**3 + 0 + 23*f. Give c(-2).
-5
Let b(m) = 7*m**2 - 5*m + 3. Let v(g) = g + 3*g**2 - 2 + 0*g**2 + 1 - 2*g**2. Let j(c) = b(c) + 4*v(c). Determine j(-1).
11
Let i(y) = 16. Let d(c) = 7. Let k(h) = -9*d(h) + 4*i(h). Let x(s) = 5*s - 4. Let l(b) = 5*k(b) + x(b). Let t be -1 + -1*(-3 - 0). Determine l(t).
11
Let p(z) = 4 + z - 6 - z - 3*z. Determine p(2).
-8
Let f(n) = n**2 - n - 4. Let b(o) = -37*o - 5. Let r be b(1). Let k = 42 + r. What is f(k)?
-4
Let h(v) be the second d